{"id":835,"date":"2025-02-25T11:49:42","date_gmt":"2025-02-25T14:49:42","guid":{"rendered":"https:\/\/descomplicandosite.com\/lojacatalogo\/?post_type=product&#038;p=835"},"modified":"2025-02-25T11:50:28","modified_gmt":"2025-02-25T14:50:28","slug":"pedra-sinterizada-calacatta-marble","status":"publish","type":"product","link":"https:\/\/descomplicandosite.com\/lojacatalogo\/produto\/pedra-sinterizada-calacatta-marble\/","title":{"rendered":"Pedra Sinterizada Calacatta Marble"},"content":{"rendered":"<p class=\"pdshow-r-text\">Calacatta Marble Sintered Stone Collection tem sido uma escolha popular para design de interiores. Sua beleza cl\u00e1ssica, veios delicados e cor branca pura o tornaram um favorito atemporal para resid\u00eancias luxuosas e espa\u00e7os p\u00fablicos. No entanto, o m\u00e1rmore natural pode ser caro, poroso e de alta manuten\u00e7\u00e3o, o que pode dificultar o uso em \u00e1reas de tr\u00e1fego intenso. Item: Laje de porcelana sinterizada com veios cinza e branco<br \/>\nMaterial: Placas de porcelana sinterizada cinza<br \/>\nF\u00e1brica\/marca de pedra sinterizada: KA UNITED STONE<br \/>\nTamanho da laje sinterizada: 1800\u00d7900mm, 2400\u00d71200mm, 2600\u00d7800mm, 2600\u00d71200mm, 760\u00d72550mm, 2700\u00d71600mm, 3200\u00d71600mm, 3600\u00d71600mm.<br \/>\nLadrilhos de M\u00e1rmore: 24&#8221;x24&#8221;, 12&#8221;x24&#8221;,12&#8221;x12&#8221;, 18&#8221;x18&#8221;<br \/>\nEspessura: 3mm, 6mm, 9mm, 12mm, 15mm<br \/>\nSuperf\u00edcie: polido, afiado, escovado<br \/>\nMOQ: 100 SQM<br \/>\nAplica\u00e7\u00e3o: KA UNITED fornece mais de 50 cores de pedra sinterizada Para uso comercial e residencial: bancadas, pisos, revestimentos, fachadas, m\u00f3veis e decora\u00e7\u00e3o de interiores<\/p>\n<div class=\"share-btn-list\">\n<div class=\"share-btn facebook\" title=\"Facebook\" data-type=\"facebook\"><\/div>\n<div class=\"share-btn twitter\" title=\"Twitter\" data-type=\"twitter\"><\/div>\n<div class=\"share-btn linkedin\" title=\"Linkedin\" data-type=\"linkedin\"><\/div>\n<div class=\"share-btn pinterest\" title=\"Pinterest\" data-type=\"pinterest\"><\/div>\n<div class=\"share-btn whatsapp\" title=\"whatsapp\" data-type=\"whatsapp\"><\/div>\n<\/div>\n","protected":false},"excerpt":{"rendered":"<p>Calacatta Marble Sintered Stone Collection tem sido uma escolha popular para design de interiores. Sua beleza cl\u00e1ssica, veios delicados e cor branca pura o tornaram um favorito atemporal para resid\u00eancias luxuosas e espa\u00e7os p\u00fablicos. No entanto, o m\u00e1rmore natural pode ser caro, poroso e de alta manuten\u00e7\u00e3o, o que pode dificultar o uso em \u00e1reas de tr\u00e1fego intenso. Item: Laje de porcelana sinterizada com veios cinza e branco Material: Placas de porcelana sinterizada cinza F\u00e1brica\/marca de pedra sinterizada: KA UNITED STONE Tamanho da laje sinterizada: 1800\u00d7900mm, 2400\u00d71200mm, 2600\u00d7800mm, 2600\u00d71200mm, 760\u00d72550mm, 2700\u00d71600mm, 3200\u00d71600mm, 3600\u00d71600mm. Ladrilhos de M\u00e1rmore: 24&#8221;x24&#8221;, 12&#8221;x24&#8221;,12&#8221;x12&#8221;, 18&#8221;x18&#8221; Espessura: 3mm, 6mm, 9mm, 12mm, 15mm Superf\u00edcie: polido, afiado, escovado MOQ: 100 SQM Aplica\u00e7\u00e3o: KA UNITED fornece mais de 50 cores de pedra sinterizada Para uso comercial e residencial: bancadas, pisos, revestimentos, fachadas, m\u00f3veis e decora\u00e7\u00e3o de interiores<\/p>\n","protected":false},"featured_media":836,"comment_status":"open","ping_status":"closed","template":"","meta":[],"product_brand":[98],"product_cat":[97],"product_tag":[],"class_list":{"0":"post-835","1":"product","2":"type-product","3":"status-publish","4":"has-post-thumbnail","6":"product_brand-xtone","7":"product_cat-lamina-sinterizada","9":"first","10":"instock","11":"shipping-taxable","12":"purchasable","13":"product-type-simple"},"_links":{"self":[{"href":"https:\/\/descomplicandosite.com\/lojacatalogo\/wp-json\/wp\/v2\/product\/835","targetHints":{"allow":["GET"]}}],"collection":[{"href":"https:\/\/descomplicandosite.com\/lojacatalogo\/wp-json\/wp\/v2\/product"}],"about":[{"href":"https:\/\/descomplicandosite.com\/lojacatalogo\/wp-json\/wp\/v2\/types\/product"}],"replies":[{"embeddable":true,"href":"https:\/\/descomplicandosite.com\/lojacatalogo\/wp-json\/wp\/v2\/comments?post=835"}],"wp:featuredmedia":[{"embeddable":true,"href":"https:\/\/descomplicandosite.com\/lojacatalogo\/wp-json\/wp\/v2\/media\/836"}],"wp:attachment":[{"href":"https:\/\/descomplicandosite.com\/lojacatalogo\/wp-json\/wp\/v2\/media?parent=835"}],"wp:term":[{"taxonomy":"product_brand","embeddable":true,"href":"https:\/\/descomplicandosite.com\/lojacatalogo\/wp-json\/wp\/v2\/product_brand?post=835"},{"taxonomy":"product_cat","embeddable":true,"href":"https:\/\/descomplicandosite.com\/lojacatalogo\/wp-json\/wp\/v2\/product_cat?post=835"},{"taxonomy":"product_tag","embeddable":true,"href":"https:\/\/descomplicandosite.com\/lojacatalogo\/wp-json\/wp\/v2\/product_tag?post=835"}],"curies":[{"name":"wp","href":"https:\/\/api.w.org\/{rel}","templated":true}]}}