{"id":762,"date":"2025-02-21T16:45:42","date_gmt":"2025-02-21T19:45:42","guid":{"rendered":"https:\/\/descomplicandosite.com\/lojacatalogo\/?post_type=product&#038;p=762"},"modified":"2025-02-21T16:45:42","modified_gmt":"2025-02-21T19:45:42","slug":"piso-ceramico-cimenticio-acetinado-borda-reta-interno-74x74cm-phd70180r-incefra","status":"publish","type":"product","link":"https:\/\/descomplicandosite.com\/lojacatalogo\/produto\/piso-ceramico-cimenticio-acetinado-borda-reta-interno-74x74cm-phd70180r-incefra\/","title":{"rendered":"Piso Cer\u00e2mico Ciment\u00edcio Acetinado Borda Reta Interno 74x74cm PHD70180R Incefra"},"content":{"rendered":"<p>Seus ambientes internos v\u00e3o ficar muito mais elegantes e modernos com este Piso Cer\u00e2mico! Ele possui borda reta, dimens\u00f5es de 74x74cm, conta com uma linda estampa cimento na tonalidade cinza e tem uma alta resist\u00eancia a manchas e riscos.<\/p>\n<div class=\"flex\">\n<p><strong>Para diversos ambientes:<\/strong><br \/>\nQuando se trata de qualidade, este Piso Cer\u00e2mico Ciment\u00edcio d\u00e1 um show! Pensado e desenvolvido para \u00e1reas de tr\u00e1fego moderado, ele \u00e9 uma pe\u00e7a incr\u00edvel para ser assentado em ambientes internos comerciais, residenciais ou empresariais.<\/p>\n<\/div>\n<div class=\"flex\">\n<p><strong>Estilo e sofistica\u00e7\u00e3o:<\/strong><br \/>\nCom dimens\u00f5es de 74&#215;74 cm e uma superf\u00edcie acetinada, este Piso Cer\u00e2mico adiciona beleza e estilo \u00e0 decora\u00e7\u00e3o do ambiente!<\/p>\n<\/div>\n<div class=\"flex\">\n<p><strong>Aplica\u00e7\u00e3o uniforme e alinhada:<\/strong><br \/>\nPara garantir uma aplica\u00e7\u00e3o bem alinhada, este Piso Cer\u00e2mico conta com borda reta e espa\u00e7amento entre as pe\u00e7as de 2mm, o que vai deixar a est\u00e9tica do ambiente mais bonita, al\u00e9m de facilitar a limpeza do piso, pois evita o ac\u00famulo de sujeira e res\u00edduos entre as pe\u00e7as.<\/p>\n<\/div>\n<div class=\"flex\">\n<p><strong>Charmoso e elegante:<\/strong><br \/>\nCom uma elegante estampa cimento na cor cinza, este Piso Cer\u00e2mico proporciona uma beleza excepcional ao ambiente, elevando o seu visual com muito charme e sofistica\u00e7\u00e3o. Ele tamb\u00e9m conta com alta resist\u00eancia a manchas e riscos, ou seja, a boa apar\u00eancia do seu porcelanato ser\u00e1 mantida por mais tempo.<\/p>\n<\/div>\n<hr \/>\n<h3><strong>Garanta versatilidade e beleza com este Piso Cer\u00e2mico Ciment\u00edcio!<\/strong><\/h3>\n<p>Outra excelente vantagem \u00e9 que este Piso Cer\u00e2mico \u00e9 comercializado em caixas com 4 pe\u00e7as e metragem por embalagem de 2,19 m\u00b2, o que facilita o c\u00e1lculo da quantidade m\u00ednima de compra e evita desperd\u00edcio de material e de dinheiro.<\/p>\n<p>Tamb\u00e9m vale ressaltar que ao adquirir este Piso Cer\u00e2mico Ciment\u00edcio voc\u00ea ainda ter\u00e1 uma garantia de 60 meses direto do fabricante, a contar da data da compra, em caso de defeitos de f\u00e1brica.<\/p>\n<div class=\"flex\">\n<h3><strong>E a\u00ed, gostou do Piso Cer\u00e2mico Ciment\u00edcio Acetinado Borda Reta Interno, da Incefra?<\/strong><\/h3>\n<\/div>\n<p>Adquira o seu agora mesmo para receber no conforto da sua casa, ou retire em uma das nossas lojas.<\/p>\n","protected":false},"excerpt":{"rendered":"<p>Seus ambientes internos v\u00e3o ficar muito mais elegantes e modernos com este Piso Cer\u00e2mico! Ele possui borda reta, dimens\u00f5es de 74x74cm, conta com uma linda estampa cimento na tonalidade cinza e tem uma alta resist\u00eancia a manchas e riscos. Para diversos ambientes: Quando se trata de qualidade, este Piso Cer\u00e2mico Ciment\u00edcio d\u00e1 um show! Pensado e desenvolvido para \u00e1reas de tr\u00e1fego moderado, ele \u00e9 uma pe\u00e7a incr\u00edvel para ser assentado em ambientes internos comerciais, residenciais ou empresariais. Estilo e sofistica\u00e7\u00e3o: Com dimens\u00f5es de 74&#215;74 cm e uma superf\u00edcie acetinada, este Piso Cer\u00e2mico adiciona beleza e estilo \u00e0 decora\u00e7\u00e3o do ambiente! Aplica\u00e7\u00e3o uniforme e alinhada: Para garantir uma aplica\u00e7\u00e3o bem alinhada, este Piso Cer\u00e2mico conta com borda reta e espa\u00e7amento entre as pe\u00e7as de 2mm, o que vai deixar a est\u00e9tica do ambiente mais bonita, al\u00e9m de facilitar a limpeza do piso, pois evita o ac\u00famulo de sujeira e res\u00edduos entre as pe\u00e7as. Charmoso e elegante: Com uma elegante estampa cimento na cor cinza, este Piso Cer\u00e2mico proporciona uma beleza excepcional ao ambiente, elevando o seu visual com muito charme e sofistica\u00e7\u00e3o. Ele tamb\u00e9m conta com alta resist\u00eancia a manchas e riscos, ou seja, a boa apar\u00eancia do seu porcelanato ser\u00e1 mantida por mais tempo. Garanta versatilidade e beleza com este Piso Cer\u00e2mico Ciment\u00edcio! Outra excelente vantagem \u00e9 que este Piso Cer\u00e2mico \u00e9 comercializado em caixas com 4 pe\u00e7as e metragem por embalagem de 2,19 m\u00b2, o que facilita o c\u00e1lculo da quantidade m\u00ednima de compra e evita desperd\u00edcio de material e de dinheiro. Tamb\u00e9m vale ressaltar que ao adquirir este Piso Cer\u00e2mico Ciment\u00edcio voc\u00ea ainda ter\u00e1 uma garantia de 60 meses direto do fabricante, a contar da data da compra, em caso de defeitos de f\u00e1brica. E a\u00ed, gostou do Piso Cer\u00e2mico Ciment\u00edcio Acetinado Borda Reta Interno, da Incefra? Adquira o seu agora mesmo para receber no conforto da sua casa, ou retire em uma das nossas lojas.<\/p>\n","protected":false},"featured_media":763,"comment_status":"open","ping_status":"closed","template":"","meta":[],"product_brand":[84],"product_cat":[82],"product_tag":[],"class_list":{"0":"post-762","1":"product","2":"type-product","3":"status-publish","4":"has-post-thumbnail","6":"product_brand-incefra","7":"product_cat-piso-ceramico","9":"first","10":"instock","11":"sale","12":"shipping-taxable","13":"purchasable","14":"product-type-simple"},"_links":{"self":[{"href":"https:\/\/descomplicandosite.com\/lojacatalogo\/wp-json\/wp\/v2\/product\/762","targetHints":{"allow":["GET"]}}],"collection":[{"href":"https:\/\/descomplicandosite.com\/lojacatalogo\/wp-json\/wp\/v2\/product"}],"about":[{"href":"https:\/\/descomplicandosite.com\/lojacatalogo\/wp-json\/wp\/v2\/types\/product"}],"replies":[{"embeddable":true,"href":"https:\/\/descomplicandosite.com\/lojacatalogo\/wp-json\/wp\/v2\/comments?post=762"}],"wp:featuredmedia":[{"embeddable":true,"href":"https:\/\/descomplicandosite.com\/lojacatalogo\/wp-json\/wp\/v2\/media\/763"}],"wp:attachment":[{"href":"https:\/\/descomplicandosite.com\/lojacatalogo\/wp-json\/wp\/v2\/media?parent=762"}],"wp:term":[{"taxonomy":"product_brand","embeddable":true,"href":"https:\/\/descomplicandosite.com\/lojacatalogo\/wp-json\/wp\/v2\/product_brand?post=762"},{"taxonomy":"product_cat","embeddable":true,"href":"https:\/\/descomplicandosite.com\/lojacatalogo\/wp-json\/wp\/v2\/product_cat?post=762"},{"taxonomy":"product_tag","embeddable":true,"href":"https:\/\/descomplicandosite.com\/lojacatalogo\/wp-json\/wp\/v2\/product_tag?post=762"}],"curies":[{"name":"wp","href":"https:\/\/api.w.org\/{rel}","templated":true}]}}