{"id":754,"date":"2025-02-21T16:32:45","date_gmt":"2025-02-21T19:32:45","guid":{"rendered":"https:\/\/descomplicandosite.com\/lojacatalogo\/?post_type=product&#038;p=754"},"modified":"2025-02-21T16:33:14","modified_gmt":"2025-02-21T19:33:14","slug":"porcelanato-marmorizado-acetinado-borda-reta-interno-94x94cm-pulpis-satiny-embramaco","status":"publish","type":"product","link":"https:\/\/descomplicandosite.com\/lojacatalogo\/produto\/porcelanato-marmorizado-acetinado-borda-reta-interno-94x94cm-pulpis-satiny-embramaco\/","title":{"rendered":"Porcelanato Marmorizado Acetinado Borda Reta Interno 94x94cm Pulpis Satiny Embramaco"},"content":{"rendered":"<table class=\"table table-zebra pair-table pair-table-big characteristics-table\">\n<tbody>\n<tr>\n<th class=\"color-default-dark\">Material<\/th>\n<td class=\"color-default-dark\">Porcelanato<\/td>\n<\/tr>\n<tr>\n<th class=\"color-default-dark\">Marca<\/th>\n<td class=\"color-default-dark\">Embramaco<\/td>\n<\/tr>\n<tr>\n<th class=\"color-default-dark\">Estampa<\/th>\n<td class=\"color-default-dark\">M\u00e1rmore<\/td>\n<\/tr>\n<tr>\n<th class=\"color-default-dark\">Ambiente Indicado<\/th>\n<td class=\"color-default-dark\">Quartos e Salas<\/td>\n<\/tr>\n<tr>\n<th class=\"color-default-dark\">\u00c1reas Indicadas<\/th>\n<td class=\"color-default-dark\">Internas<\/td>\n<\/tr>\n<tr>\n<th class=\"color-default-dark\">Tipo de \u00c1reas Indicadas<\/th>\n<td class=\"color-default-dark\">Secas e \u00damidas<\/td>\n<\/tr>\n<tr>\n<th class=\"color-default-dark\">Intensidade do Brilho<\/th>\n<td class=\"color-default-dark\">Acetinado<\/td>\n<\/tr>\n<tr>\n<th class=\"color-default-dark\">Cor<\/th>\n<td class=\"color-default-dark\">Cinza<\/td>\n<\/tr>\n<tr>\n<th class=\"color-default-dark\">Tonalidade<\/th>\n<td class=\"color-default-dark\">Cinza<\/td>\n<\/tr>\n<tr>\n<th class=\"color-default-dark\">Modelo<\/th>\n<td class=\"color-default-dark\">Pulpis Sanity<\/td>\n<\/tr>\n<tr>\n<th class=\"color-default-dark\">Acabamento Lateral<\/th>\n<td class=\"color-default-dark\">Borda Reta (Retificado)<\/td>\n<\/tr>\n<tr>\n<th class=\"color-default-dark\">Largura<\/th>\n<td class=\"color-default-dark\">94,00 cm<\/td>\n<\/tr>\n<tr>\n<th class=\"color-default-dark\">Espessura<\/th>\n<td class=\"color-default-dark\">9,00 mm<\/td>\n<\/tr>\n<tr>\n<th class=\"color-default-dark\">Dimens\u00e3o<\/th>\n<td class=\"color-default-dark\">94&#215;94 cm<\/td>\n<\/tr>\n<tr>\n<th class=\"color-default-dark\">Tamanho do Piso ou Porcelanato<\/th>\n<td class=\"color-default-dark\">Quadrado (de 85x85cm at\u00e9 95x95cm)<\/td>\n<\/tr>\n<tr>\n<th class=\"color-default-dark\">Tipo de Textura<\/th>\n<td class=\"color-default-dark\">Liso<\/td>\n<\/tr>\n<tr>\n<th class=\"color-default-dark\">Espa\u00e7amento entre as Pe\u00e7as<\/th>\n<td class=\"color-default-dark\">1,5 mm<\/td>\n<\/tr>\n<tr>\n<th class=\"color-default-dark\">Varia\u00e7\u00e3o de Tonalidade<\/th>\n<td class=\"color-default-dark\">V2-Pouca Varia\u00e7\u00e3o de Tonalidade Dentro da Mesma Caixa<\/td>\n<\/tr>\n<tr>\n<th class=\"color-default-dark\">Resist\u00eancia ao Risco<\/th>\n<td class=\"color-default-dark\">Alta resist\u00eancia (classifica\u00e7\u00e3o de Mohs entre 10 e 9)<\/td>\n<\/tr>\n<tr>\n<th class=\"color-default-dark\">Resist\u00eancia a Mancha<\/th>\n<td class=\"color-default-dark\">Alta (Superf\u00edcie Esmaltada)<\/td>\n<\/tr>\n<tr>\n<th class=\"color-default-dark\">Tr\u00e1fego do Piso<\/th>\n<td class=\"color-default-dark\">Alto<\/td>\n<\/tr>\n<tr>\n<th class=\"color-default-dark\">Resist\u00eancia ao Escorregamento (em superf\u00edcies planas)<\/th>\n<td class=\"color-default-dark\">N\u00e3o possui (coeficiente de atrito menor que 0,4)<\/td>\n<\/tr>\n<tr>\n<th class=\"color-default-dark\">Antiderrapante<\/th>\n<td class=\"color-default-dark\">N\u00e3o<\/td>\n<\/tr>\n<tr>\n<th class=\"color-default-dark\">Coeficiente de Atrito<\/th>\n<td class=\"color-default-dark\">COF1<\/td>\n<\/tr>\n<tr>\n<th class=\"color-default-dark\">Absor\u00e7\u00e3o de \u00c1gua<\/th>\n<td class=\"color-default-dark\">Porcelanato (Baixa absor\u00e7\u00e3o &#8211; de 0 a 0,5%)<\/td>\n<\/tr>\n<tr>\n<th class=\"color-default-dark\">Peso do Produto na Embalagem<\/th>\n<td class=\"color-default-dark\">45,00 Kg<\/td>\n<\/tr>\n<tr>\n<th class=\"color-default-dark\">Conte\u00fado da Embalagem<\/th>\n<td class=\"color-default-dark\">3 Pe\u00e7as<\/td>\n<\/tr>\n<tr>\n<th class=\"color-default-dark\">Metragem por Embalagem<\/th>\n<td class=\"color-default-dark\">2,65 m\u00b2<\/td>\n<\/tr>\n<tr>\n<th class=\"color-default-dark\">Argamassa Indicada<\/th>\n<td class=\"color-default-dark\">ACIII e Porcelanato<\/td>\n<\/tr>\n<tr>\n<th class=\"color-default-dark\">Unidade de Venda<\/th>\n<td class=\"color-default-dark\">por m\u00b2<\/td>\n<\/tr>\n<tr>\n<th class=\"color-default-dark\">Combina com o Rejunte da cor<\/th>\n<td class=\"color-default-dark\">Cinza<\/td>\n<\/tr>\n<tr>\n<th class=\"color-default-dark\">N\u00edvel de Qualidade<\/th>\n<td class=\"color-default-dark\">Excellent<\/td>\n<\/tr>\n<\/tbody>\n<\/table>\n","protected":false},"excerpt":{"rendered":"<p>Material Porcelanato Marca Embramaco Estampa M\u00e1rmore Ambiente Indicado Quartos e Salas \u00c1reas Indicadas Internas Tipo de \u00c1reas Indicadas Secas e \u00damidas Intensidade do Brilho Acetinado Cor Cinza Tonalidade Cinza Modelo Pulpis Sanity Acabamento Lateral Borda Reta (Retificado) Largura 94,00 cm Espessura 9,00 mm Dimens\u00e3o 94&#215;94 cm Tamanho do Piso ou Porcelanato Quadrado (de 85x85cm at\u00e9 95x95cm) Tipo de Textura Liso Espa\u00e7amento entre as Pe\u00e7as 1,5 mm Varia\u00e7\u00e3o de Tonalidade V2-Pouca Varia\u00e7\u00e3o de Tonalidade Dentro da Mesma Caixa Resist\u00eancia ao Risco Alta resist\u00eancia (classifica\u00e7\u00e3o de Mohs entre 10 e 9) Resist\u00eancia a Mancha Alta (Superf\u00edcie Esmaltada) Tr\u00e1fego do Piso Alto Resist\u00eancia ao Escorregamento (em superf\u00edcies planas) N\u00e3o possui (coeficiente de atrito menor que 0,4) Antiderrapante N\u00e3o Coeficiente de Atrito COF1 Absor\u00e7\u00e3o de \u00c1gua Porcelanato (Baixa absor\u00e7\u00e3o &#8211; de 0 a 0,5%) Peso do Produto na Embalagem 45,00 Kg Conte\u00fado da Embalagem 3 Pe\u00e7as Metragem por Embalagem 2,65 m\u00b2 Argamassa Indicada ACIII e Porcelanato Unidade de Venda por m\u00b2 Combina com o Rejunte da cor Cinza N\u00edvel de Qualidade Excellent<\/p>\n","protected":false},"featured_media":755,"comment_status":"open","ping_status":"closed","template":"","meta":[],"product_brand":[77],"product_cat":[74,75],"product_tag":[],"class_list":{"0":"post-754","1":"product","2":"type-product","3":"status-publish","4":"has-post-thumbnail","6":"product_brand-embramaco","7":"product_cat-porcelanato-marmorizado","8":"product_cat-porcelanatos","10":"first","11":"instock","12":"sale","13":"shipping-taxable","14":"purchasable","15":"product-type-simple"},"_links":{"self":[{"href":"https:\/\/descomplicandosite.com\/lojacatalogo\/wp-json\/wp\/v2\/product\/754","targetHints":{"allow":["GET"]}}],"collection":[{"href":"https:\/\/descomplicandosite.com\/lojacatalogo\/wp-json\/wp\/v2\/product"}],"about":[{"href":"https:\/\/descomplicandosite.com\/lojacatalogo\/wp-json\/wp\/v2\/types\/product"}],"replies":[{"embeddable":true,"href":"https:\/\/descomplicandosite.com\/lojacatalogo\/wp-json\/wp\/v2\/comments?post=754"}],"wp:featuredmedia":[{"embeddable":true,"href":"https:\/\/descomplicandosite.com\/lojacatalogo\/wp-json\/wp\/v2\/media\/755"}],"wp:attachment":[{"href":"https:\/\/descomplicandosite.com\/lojacatalogo\/wp-json\/wp\/v2\/media?parent=754"}],"wp:term":[{"taxonomy":"product_brand","embeddable":true,"href":"https:\/\/descomplicandosite.com\/lojacatalogo\/wp-json\/wp\/v2\/product_brand?post=754"},{"taxonomy":"product_cat","embeddable":true,"href":"https:\/\/descomplicandosite.com\/lojacatalogo\/wp-json\/wp\/v2\/product_cat?post=754"},{"taxonomy":"product_tag","embeddable":true,"href":"https:\/\/descomplicandosite.com\/lojacatalogo\/wp-json\/wp\/v2\/product_tag?post=754"}],"curies":[{"name":"wp","href":"https:\/\/api.w.org\/{rel}","templated":true}]}}