{"id":1059,"date":"2025-03-13T10:05:25","date_gmt":"2025-03-13T13:05:25","guid":{"rendered":"https:\/\/descomplicandosite.com\/lojacatalogo\/?post_type=product&#038;p=1059"},"modified":"2025-03-13T10:13:59","modified_gmt":"2025-03-13T13:13:59","slug":"pedra-natural-moledo-face-serrada","status":"publish","type":"product","link":"https:\/\/descomplicandosite.com\/lojacatalogo\/produto\/pedra-natural-moledo-face-serrada\/","title":{"rendered":"Pedra Natural Moledo Face Serrada &#8211; Revestimento"},"content":{"rendered":"<p class=\"pdshow-r-text\">PEDRA MOLEDO NATURAL PARA PAREDE<\/p>\n<p>A Pedra Moledo \u00e9 um granitoide, possuindo uma apar\u00eancia r\u00fastica e porosa imitando uma parede natural de rocha, que garante assim um efeito \u00fanico.<\/p>\n<p>Seu material \u00e9 dur\u00e1vel, f\u00e1cil de manter, pois sua textura impede a acumula\u00e7\u00e3o de sujeira. \u00c9 conhecida pela sua resist\u00eancia \u00e0 \u00e1gua, o que a torna ideal para revestimento de fachadas, que est\u00e3o constantemente expostas ao sol e \u00e0 chuva.<\/p>\n<p>Padr\u00e3o de pedra irregular e uma face lisa (serrada) com espessura vari\u00e1vel de 4 a 6 cm.<br \/>\nInstala\u00e7\u00e3o: Argamassa Ac3 Branca<\/p>\n<p>ATEN\u00c7\u00c3O: Produtos em rochas naturais podem apresentar varia\u00e7\u00f5es de cores, texturas e espessura.<\/p>\n","protected":false},"excerpt":{"rendered":"<p>PEDRA MOLEDO NATURAL PARA PAREDE A Pedra Moledo \u00e9 um granitoide, possuindo uma apar\u00eancia r\u00fastica e porosa imitando uma parede natural de rocha, que garante assim um efeito \u00fanico. Seu material \u00e9 dur\u00e1vel, f\u00e1cil de manter, pois sua textura impede a acumula\u00e7\u00e3o de sujeira. \u00c9 conhecida pela sua resist\u00eancia \u00e0 \u00e1gua, o que a torna ideal para revestimento de fachadas, que est\u00e3o constantemente expostas ao sol e \u00e0 chuva. Padr\u00e3o de pedra irregular e uma face lisa (serrada) com espessura vari\u00e1vel de 4 a 6 cm. Instala\u00e7\u00e3o: Argamassa Ac3 Branca ATEN\u00c7\u00c3O: Produtos em rochas naturais podem apresentar varia\u00e7\u00f5es de cores, texturas e espessura.<\/p>\n","protected":false},"featured_media":1064,"comment_status":"open","ping_status":"closed","template":"","meta":[],"product_brand":[98],"product_cat":[101],"product_tag":[],"class_list":{"0":"post-1059","1":"product","2":"type-product","3":"status-publish","4":"has-post-thumbnail","6":"product_brand-xtone","7":"product_cat-pedras-naturais","9":"first","10":"instock","11":"sale","12":"shipping-taxable","13":"purchasable","14":"product-type-simple"},"_links":{"self":[{"href":"https:\/\/descomplicandosite.com\/lojacatalogo\/wp-json\/wp\/v2\/product\/1059","targetHints":{"allow":["GET"]}}],"collection":[{"href":"https:\/\/descomplicandosite.com\/lojacatalogo\/wp-json\/wp\/v2\/product"}],"about":[{"href":"https:\/\/descomplicandosite.com\/lojacatalogo\/wp-json\/wp\/v2\/types\/product"}],"replies":[{"embeddable":true,"href":"https:\/\/descomplicandosite.com\/lojacatalogo\/wp-json\/wp\/v2\/comments?post=1059"}],"wp:featuredmedia":[{"embeddable":true,"href":"https:\/\/descomplicandosite.com\/lojacatalogo\/wp-json\/wp\/v2\/media\/1064"}],"wp:attachment":[{"href":"https:\/\/descomplicandosite.com\/lojacatalogo\/wp-json\/wp\/v2\/media?parent=1059"}],"wp:term":[{"taxonomy":"product_brand","embeddable":true,"href":"https:\/\/descomplicandosite.com\/lojacatalogo\/wp-json\/wp\/v2\/product_brand?post=1059"},{"taxonomy":"product_cat","embeddable":true,"href":"https:\/\/descomplicandosite.com\/lojacatalogo\/wp-json\/wp\/v2\/product_cat?post=1059"},{"taxonomy":"product_tag","embeddable":true,"href":"https:\/\/descomplicandosite.com\/lojacatalogo\/wp-json\/wp\/v2\/product_tag?post=1059"}],"curies":[{"name":"wp","href":"https:\/\/api.w.org\/{rel}","templated":true}]}}