{"id":179,"date":"2022-09-22T22:54:03","date_gmt":"2022-09-22T22:54:03","guid":{"rendered":"https:\/\/pluginsds.com\/sites\/?post_type=product&#038;p=179"},"modified":"2022-12-04T15:10:23","modified_gmt":"2022-12-04T15:10:23","slug":"aliviador-respiravel-de-ciatico-correcao-de-inclinacao-pelvica-e-dor-no-quadril","status":"publish","type":"product","link":"https:\/\/descomplicandosite.com\/lemondrop\/produto\/aliviador-respiravel-de-ciatico-correcao-de-inclinacao-pelvica-e-dor-no-quadril\/","title":{"rendered":"Aliviador Respir\u00e1vel de Ci\u00e1tico &#8211; Corre\u00e7\u00e3o de inclina\u00e7\u00e3o p\u00e9lvica e Dor no quadril"},"content":{"rendered":"","protected":false},"excerpt":{"rendered":"","protected":false},"featured_media":212,"comment_status":"open","ping_status":"closed","template":"","meta":[],"product_brand":[],"product_cat":[17],"product_tag":[],"class_list":{"0":"post-179","1":"product","2":"type-product","3":"status-publish","4":"has-post-thumbnail","6":"product_cat-saude","8":"first","9":"instock","10":"shipping-taxable","11":"purchasable","12":"product-type-simple"},"_links":{"self":[{"href":"https:\/\/descomplicandosite.com\/lemondrop\/wp-json\/wp\/v2\/product\/179","targetHints":{"allow":["GET"]}}],"collection":[{"href":"https:\/\/descomplicandosite.com\/lemondrop\/wp-json\/wp\/v2\/product"}],"about":[{"href":"https:\/\/descomplicandosite.com\/lemondrop\/wp-json\/wp\/v2\/types\/product"}],"replies":[{"embeddable":true,"href":"https:\/\/descomplicandosite.com\/lemondrop\/wp-json\/wp\/v2\/comments?post=179"}],"wp:featuredmedia":[{"embeddable":true,"href":"https:\/\/descomplicandosite.com\/lemondrop\/wp-json\/wp\/v2\/media\/212"}],"wp:attachment":[{"href":"https:\/\/descomplicandosite.com\/lemondrop\/wp-json\/wp\/v2\/media?parent=179"}],"wp:term":[{"taxonomy":"product_brand","embeddable":true,"href":"https:\/\/descomplicandosite.com\/lemondrop\/wp-json\/wp\/v2\/product_brand?post=179"},{"taxonomy":"product_cat","embeddable":true,"href":"https:\/\/descomplicandosite.com\/lemondrop\/wp-json\/wp\/v2\/product_cat?post=179"},{"taxonomy":"product_tag","embeddable":true,"href":"https:\/\/descomplicandosite.com\/lemondrop\/wp-json\/wp\/v2\/product_tag?post=179"}],"curies":[{"name":"wp","href":"https:\/\/api.w.org\/{rel}","templated":true}]}}