{"id":19,"date":"2022-11-07T13:49:40","date_gmt":"2022-11-07T13:49:40","guid":{"rendered":"https:\/\/pluginsds.com\/sites\/?page_id=19"},"modified":"2022-11-11T16:13:37","modified_gmt":"2022-11-11T16:13:37","slug":"sobre-nos","status":"publish","type":"page","link":"https:\/\/descomplicandosite.com\/blogkydelicia\/sobre-nos\/","title":{"rendered":"Quem Somos"},"content":{"rendered":"\t\t<div data-elementor-type=\"wp-page\" data-elementor-id=\"19\" class=\"elementor elementor-19\" data-elementor-post-type=\"page\">\n\t\t\t\t<div class=\"elementor-element elementor-element-2ecd520 e-flex e-con-boxed wpr-particle-no wpr-jarallax-no wpr-parallax-no wpr-sticky-section-no wpr-equal-height-no e-con e-parent\" data-id=\"2ecd520\" data-element_type=\"container\" data-e-type=\"container\" data-settings=\"{&quot;background_background&quot;:&quot;classic&quot;}\">\n\t\t\t\t\t<div class=\"e-con-inner\">\n\t\t\t\t<div class=\"elementor-element elementor-element-8118a5c elementor-widget elementor-widget-heading\" data-id=\"8118a5c\" data-element_type=\"widget\" data-e-type=\"widget\" data-widget_type=\"heading.default\">\n\t\t\t\t<div class=\"elementor-widget-container\">\n\t\t\t\t\t<h2 class=\"elementor-heading-title elementor-size-default\">Quem Somos<\/h2>\t\t\t\t<\/div>\n\t\t\t\t<\/div>\n\t\t\t\t<div class=\"elementor-element elementor-element-a2460a9 elementor-widget elementor-widget-text-editor\" data-id=\"a2460a9\" data-element_type=\"widget\" data-e-type=\"widget\" data-widget_type=\"text-editor.default\">\n\t\t\t\t<div class=\"elementor-widget-container\">\n\t\t\t\t\t\t\t\t\t<p>O blog do Kydelicia nasceu com o objetivo de expandir nossas receitas em dicas e nos comunicar com a nossa audi\u00eancia apaixonada pelo mundo da gastronomia. Por aqui voc\u00ea aprende desde receitas simples at\u00e9 as bem elaboradas. Somos experts em fazer sele\u00e7\u00f5es de receitas com os ingredientes que voc\u00ea tem em casa. Para n\u00f3s, o que importa \u00e9 te inspirar a botar a m\u00e3o na massa na cozinha!<\/p>\t\t\t\t\t\t\t\t<\/div>\n\t\t\t\t<\/div>\n\t\t\t\t\t<\/div>\n\t\t\t\t<\/div>\n\t\t<div class=\"elementor-element elementor-element-3c528de e-flex e-con-boxed wpr-particle-no wpr-jarallax-no wpr-parallax-no wpr-sticky-section-no wpr-equal-height-no e-con e-parent\" data-id=\"3c528de\" data-element_type=\"container\" data-e-type=\"container\">\n\t\t\t\t\t<div class=\"e-con-inner\">\n\t\t\t\t<div class=\"elementor-element elementor-element-7c63b08 elementor-widget elementor-widget-heading\" data-id=\"7c63b08\" data-element_type=\"widget\" data-e-type=\"widget\" data-widget_type=\"heading.default\">\n\t\t\t\t<div class=\"elementor-widget-container\">\n\t\t\t\t\t<h2 class=\"elementor-heading-title elementor-size-default\">Nossa Equipe de Redatores\n<\/h2>\t\t\t\t<\/div>\n\t\t\t\t<\/div>\n\t\t\t\t<div class=\"elementor-element elementor-element-e67848e elementor-widget elementor-widget-heading\" data-id=\"e67848e\" data-element_type=\"widget\" data-e-type=\"widget\" data-widget_type=\"heading.default\">\n\t\t\t\t<div class=\"elementor-widget-container\">\n\t\t\t\t\t<h2 class=\"elementor-heading-title elementor-size-default\">Conhe\u00e7a um pouco de quem escreve receitas deliciosas para voc\u00ea\n<\/h2>\t\t\t\t<\/div>\n\t\t\t\t<\/div>\n\t\t<div class=\"elementor-element elementor-element-a838440 e-flex e-con-boxed wpr-particle-no wpr-jarallax-no wpr-parallax-no wpr-sticky-section-no wpr-equal-height-no e-con e-child\" data-id=\"a838440\" data-element_type=\"container\" data-e-type=\"container\">\n\t\t\t\t\t<div class=\"e-con-inner\">\n\t\t\t\t<div class=\"elementor-element elementor-element-0b8dc3f elementor-position-top elementor-widget elementor-widget-image-box\" data-id=\"0b8dc3f\" data-element_type=\"widget\" data-e-type=\"widget\" data-widget_type=\"image-box.default\">\n\t\t\t\t<div class=\"elementor-widget-container\">\n\t\t\t\t\t<div class=\"elementor-image-box-wrapper\"><figure class=\"elementor-image-box-img\"><img fetchpriority=\"high\" decoding=\"async\" width=\"300\" height=\"300\" src=\"https:\/\/descomplicandosite.com\/blogkydelicia\/wp-content\/uploads\/2022\/11\/Design-sem-nome-43-1.png\" class=\"elementor-animation-grow attachment-full size-full wp-image-487\" alt=\"\" srcset=\"https:\/\/descomplicandosite.com\/blogkydelicia\/wp-content\/uploads\/2022\/11\/Design-sem-nome-43-1.png 300w, https:\/\/descomplicandosite.com\/blogkydelicia\/wp-content\/uploads\/2022\/11\/Design-sem-nome-43-1-150x150.png 150w\" sizes=\"(max-width: 300px) 100vw, 300px\" \/><\/figure><div class=\"elementor-image-box-content\"><h3 class=\"elementor-image-box-title\">Ana Luiza<\/h3><p class=\"elementor-image-box-description\">Lorem ipsum dolor sit amet, consectetur adipiscing elit. Ut elit tellus, luctus nec ullamcorper mattis, pulvinar dapibus leo.<\/p><\/div><\/div>\t\t\t\t<\/div>\n\t\t\t\t<\/div>\n\t\t\t\t<div class=\"elementor-element elementor-element-9d28ebc elementor-position-top elementor-widget elementor-widget-image-box\" data-id=\"9d28ebc\" data-element_type=\"widget\" data-e-type=\"widget\" data-widget_type=\"image-box.default\">\n\t\t\t\t<div class=\"elementor-widget-container\">\n\t\t\t\t\t<div class=\"elementor-image-box-wrapper\"><figure class=\"elementor-image-box-img\"><img decoding=\"async\" width=\"300\" height=\"300\" src=\"https:\/\/descomplicandosite.com\/blogkydelicia\/wp-content\/uploads\/2022\/11\/Design-sem-nome-45-1.png\" class=\"elementor-animation-grow attachment-full size-full wp-image-489\" alt=\"\" srcset=\"https:\/\/descomplicandosite.com\/blogkydelicia\/wp-content\/uploads\/2022\/11\/Design-sem-nome-45-1.png 300w, https:\/\/descomplicandosite.com\/blogkydelicia\/wp-content\/uploads\/2022\/11\/Design-sem-nome-45-1-150x150.png 150w\" sizes=\"(max-width: 300px) 100vw, 300px\" \/><\/figure><div class=\"elementor-image-box-content\"><h3 class=\"elementor-image-box-title\">Maria Flor<\/h3><p class=\"elementor-image-box-description\">Lorem ipsum dolor sit amet, consectetur adipiscing elit. Ut elit tellus, luctus nec ullamcorper mattis, pulvinar dapibus leo.<\/p><\/div><\/div>\t\t\t\t<\/div>\n\t\t\t\t<\/div>\n\t\t\t\t<div class=\"elementor-element elementor-element-73fe7a5 elementor-position-top elementor-widget elementor-widget-image-box\" data-id=\"73fe7a5\" data-element_type=\"widget\" data-e-type=\"widget\" data-widget_type=\"image-box.default\">\n\t\t\t\t<div class=\"elementor-widget-container\">\n\t\t\t\t\t<div class=\"elementor-image-box-wrapper\"><figure class=\"elementor-image-box-img\"><img decoding=\"async\" width=\"300\" height=\"300\" src=\"https:\/\/descomplicandosite.com\/blogkydelicia\/wp-content\/uploads\/2022\/11\/Design-sem-nome-46-1.png\" class=\"elementor-animation-grow attachment-full size-full wp-image-490\" alt=\"\" srcset=\"https:\/\/descomplicandosite.com\/blogkydelicia\/wp-content\/uploads\/2022\/11\/Design-sem-nome-46-1.png 300w, https:\/\/descomplicandosite.com\/blogkydelicia\/wp-content\/uploads\/2022\/11\/Design-sem-nome-46-1-150x150.png 150w\" sizes=\"(max-width: 300px) 100vw, 300px\" \/><\/figure><div class=\"elementor-image-box-content\"><h3 class=\"elementor-image-box-title\">Clarice Alves<\/h3><p class=\"elementor-image-box-description\">Lorem ipsum dolor sit amet, consectetur adipiscing elit. Ut elit tellus, luctus nec ullamcorper mattis, pulvinar dapibus leo.<\/p><\/div><\/div>\t\t\t\t<\/div>\n\t\t\t\t<\/div>\n\t\t\t\t<div class=\"elementor-element elementor-element-4545462 elementor-position-top elementor-widget elementor-widget-image-box\" data-id=\"4545462\" data-element_type=\"widget\" data-e-type=\"widget\" data-widget_type=\"image-box.default\">\n\t\t\t\t<div class=\"elementor-widget-container\">\n\t\t\t\t\t<div class=\"elementor-image-box-wrapper\"><figure class=\"elementor-image-box-img\"><img loading=\"lazy\" decoding=\"async\" width=\"300\" height=\"300\" src=\"https:\/\/descomplicandosite.com\/blogkydelicia\/wp-content\/uploads\/2022\/11\/Design-sem-nome-44-1.png\" class=\"elementor-animation-grow attachment-full size-full wp-image-488\" alt=\"\" srcset=\"https:\/\/descomplicandosite.com\/blogkydelicia\/wp-content\/uploads\/2022\/11\/Design-sem-nome-44-1.png 300w, https:\/\/descomplicandosite.com\/blogkydelicia\/wp-content\/uploads\/2022\/11\/Design-sem-nome-44-1-150x150.png 150w\" sizes=\"(max-width: 300px) 100vw, 300px\" \/><\/figure><div class=\"elementor-image-box-content\"><h3 class=\"elementor-image-box-title\">Maria Eduarda<\/h3><p class=\"elementor-image-box-description\">Lorem ipsum dolor sit amet, consectetur adipiscing elit. Ut elit tellus, luctus nec ullamcorper mattis, pulvinar dapibus leo.<\/p><\/div><\/div>\t\t\t\t<\/div>\n\t\t\t\t<\/div>\n\t\t\t\t\t<\/div>\n\t\t\t\t<\/div>\n\t\t\t\t<div class=\"elementor-element elementor-element-13a20d5 elementor-widget elementor-widget-menu-anchor\" data-id=\"13a20d5\" data-element_type=\"widget\" data-e-type=\"widget\" data-widget_type=\"menu-anchor.default\">\n\t\t\t\t<div class=\"elementor-widget-container\">\n\t\t\t\t\t\t\t<div class=\"elementor-menu-anchor\" id=\"anuncie\"><\/div>\n\t\t\t\t\t\t<\/div>\n\t\t\t\t<\/div>\n\t\t<div class=\"elementor-element elementor-element-9eddb6f e-flex e-con-boxed wpr-particle-no wpr-jarallax-no wpr-parallax-no wpr-sticky-section-no wpr-equal-height-no e-con e-child\" data-id=\"9eddb6f\" data-element_type=\"container\" data-e-type=\"container\">\n\t\t\t\t\t<div class=\"e-con-inner\">\n\t\t\t\t<div class=\"elementor-element elementor-element-2122c4a elementor-position-left elementor-vertical-align-top elementor-widget elementor-widget-image-box\" data-id=\"2122c4a\" data-element_type=\"widget\" data-e-type=\"widget\" data-widget_type=\"image-box.default\">\n\t\t\t\t<div class=\"elementor-widget-container\">\n\t\t\t\t\t<div class=\"elementor-image-box-wrapper\"><figure class=\"elementor-image-box-img\"><img loading=\"lazy\" decoding=\"async\" width=\"512\" height=\"512\" src=\"https:\/\/descomplicandosite.com\/blogkydelicia\/wp-content\/uploads\/2022\/11\/email-marketing.svg\" class=\"elementor-animation-grow attachment-full size-full wp-image-492\" alt=\"\" \/><\/figure><div class=\"elementor-image-box-content\"><h3 class=\"elementor-image-box-title\">Anuncie com a gente<\/h3><p class=\"elementor-image-box-description\">Ajudamos voc\u00ea a fazer crescer o seu neg\u00f3cio criando conte\u00fados muito interessantes para os seus clientes. Toda a nossa tecnologia e conhecimentos ao seu servi\u00e7o. J\u00e1 demonstr\u00e1mos que sabemos fazer conte\u00fado que as pessoas querem, agora podemos fazer isso para voc\u00ea. Criamos conte\u00fado original e relevante para o seu mercado e convertemos a sua marca em uma refer\u00eancia na sua ind\u00fastria.\n\n<\/p><\/div><\/div>\t\t\t\t<\/div>\n\t\t\t\t<\/div>\n\t\t\t\t<div class=\"elementor-element elementor-element-f226682 elementor-align-center elementor-widget elementor-widget-button\" data-id=\"f226682\" data-element_type=\"widget\" data-e-type=\"widget\" data-widget_type=\"button.default\">\n\t\t\t\t<div class=\"elementor-widget-container\">\n\t\t\t\t\t\t\t\t\t<div class=\"elementor-button-wrapper\">\n\t\t\t\t\t<a class=\"elementor-button elementor-button-link elementor-size-md\" href=\"https:\/\/descomplicandosite.com\/blogkydelicia\/contato\/\">\n\t\t\t\t\t\t<span class=\"elementor-button-content-wrapper\">\n\t\t\t\t\t\t<span class=\"elementor-button-icon\">\n\t\t\t\t<i aria-hidden=\"true\" class=\"fas fa-long-arrow-alt-right\"><\/i>\t\t\t<\/span>\n\t\t\t\t\t\t\t\t\t<span class=\"elementor-button-text\">Fale Conosco<\/span>\n\t\t\t\t\t<\/span>\n\t\t\t\t\t<\/a>\n\t\t\t\t<\/div>\n\t\t\t\t\t\t\t\t<\/div>\n\t\t\t\t<\/div>\n\t\t\t\t\t<\/div>\n\t\t\t\t<\/div>\n\t\t\t\t\t<\/div>\n\t\t\t\t<\/div>\n\t\t\t\t<\/div>\n\t\t","protected":false},"excerpt":{"rendered":"<p>Quem Somos O blog do Kydelicia nasceu com o objetivo de expandir nossas receitas em dicas e nos comunicar com a nossa audi\u00eancia apaixonada pelo mundo da gastronomia. Por aqui voc\u00ea aprende desde receitas simples at\u00e9 as bem elaboradas. Somos experts em fazer sele\u00e7\u00f5es de receitas com os ingredientes que voc\u00ea tem em casa. Para n\u00f3s, o que importa \u00e9 te inspirar a botar a m\u00e3o na massa na cozinha! Nossa Equipe de Redatores Conhe\u00e7a um pouco de quem escreve receitas deliciosas para voc\u00ea Ana Luiza Lorem ipsum dolor sit amet, consectetur adipiscing elit. Ut elit tellus, luctus nec ullamcorper mattis, pulvinar dapibus leo. Maria Flor Lorem ipsum dolor sit amet, consectetur adipiscing elit. Ut elit tellus, luctus nec ullamcorper mattis, pulvinar dapibus leo. Clarice Alves Lorem ipsum dolor sit amet, consectetur adipiscing elit. Ut elit tellus, luctus nec ullamcorper mattis, pulvinar dapibus leo. Maria Eduarda Lorem ipsum dolor sit amet, consectetur adipiscing elit. Ut elit tellus, luctus nec ullamcorper mattis, pulvinar dapibus leo. Anuncie com a gente Ajudamos voc\u00ea a fazer crescer o seu neg\u00f3cio criando conte\u00fados muito interessantes para os seus clientes. Toda a nossa tecnologia e conhecimentos ao seu servi\u00e7o. J\u00e1 demonstr\u00e1mos que sabemos fazer conte\u00fado que as pessoas querem, agora podemos fazer isso para voc\u00ea. Criamos conte\u00fado original e relevante para o seu mercado e convertemos a sua marca em uma refer\u00eancia na sua ind\u00fastria. Fale Conosco<\/p>\n","protected":false},"author":1,"featured_media":0,"parent":0,"menu_order":0,"comment_status":"closed","ping_status":"closed","template":"elementor_header_footer","meta":{"footnotes":""},"class_list":["post-19","page","type-page","status-publish","hentry"],"_hostinger_reach_plugin_has_subscription_block":false,"_hostinger_reach_plugin_is_elementor":false,"_links":{"self":[{"href":"https:\/\/descomplicandosite.com\/blogkydelicia\/wp-json\/wp\/v2\/pages\/19","targetHints":{"allow":["GET"]}}],"collection":[{"href":"https:\/\/descomplicandosite.com\/blogkydelicia\/wp-json\/wp\/v2\/pages"}],"about":[{"href":"https:\/\/descomplicandosite.com\/blogkydelicia\/wp-json\/wp\/v2\/types\/page"}],"author":[{"embeddable":true,"href":"https:\/\/descomplicandosite.com\/blogkydelicia\/wp-json\/wp\/v2\/users\/1"}],"replies":[{"embeddable":true,"href":"https:\/\/descomplicandosite.com\/blogkydelicia\/wp-json\/wp\/v2\/comments?post=19"}],"version-history":[{"count":0,"href":"https:\/\/descomplicandosite.com\/blogkydelicia\/wp-json\/wp\/v2\/pages\/19\/revisions"}],"wp:attachment":[{"href":"https:\/\/descomplicandosite.com\/blogkydelicia\/wp-json\/wp\/v2\/media?parent=19"}],"curies":[{"name":"wp","href":"https:\/\/api.w.org\/{rel}","templated":true}]}}