{"id":650,"date":"2024-08-21T21:09:44","date_gmt":"2024-08-21T21:09:44","guid":{"rendered":"https:\/\/descomplicandosite.com\/achadinhos\/?post_type=product&#038;p=650"},"modified":"2024-08-21T22:24:40","modified_gmt":"2024-08-21T22:24:40","slug":"vaporizador-e-higienizador-de-sofas-e-estofados-id-ca0001","status":"publish","type":"product","link":"https:\/\/descomplicandosite.com\/achadinhos\/produto\/vaporizador-e-higienizador-de-sofas-e-estofados-id-ca0001\/","title":{"rendered":"Vaporizador e Higienizador de Sof\u00e1s e estofados &#8211; ID CA0001"},"content":{"rendered":"<blockquote class=\"tiktok-embed\" cite=\"https:\/\/www.tiktok.com\/@achadinhos.mls\/video\/7405718792518536453\" data-video-id=\"7405718792518536453\" style=\"max-width: 605px;min-width: 325px;\" >\n<section> <a target=\"_blank\" title=\"@achadinhos.mls\" href=\"https:\/\/www.tiktok.com\/@achadinhos.mls?refer=embed\" rel=\"noopener\">@achadinhos.mls<\/a> Achadinho incr\u00edvel! Higienizador de sof\u00e1s e estofados! ID: CA0001 <a title=\"achadinhosdashopee\" target=\"_blank\" href=\"https:\/\/www.tiktok.com\/tag\/achadinhosdashopee?refer=embed\" rel=\"noopener\">#achadinhosdashopee<\/a> <a title=\"cozinhatiktok\" target=\"_blank\" href=\"https:\/\/www.tiktok.com\/tag\/cozinhatiktok?refer=embed\" rel=\"noopener\">#cozinhatiktok<\/a> <a target=\"_blank\" title=\"\u266c som original - achadinhos.mls\" href=\"https:\/\/www.tiktok.com\/music\/som-original-7405718804116458245?refer=embed\" rel=\"noopener\">\u266c som original &#8211; achadinhos.mls<\/a> <\/section>\n<\/blockquote>\n<p> <script async src=\"https:\/\/www.tiktok.com\/embed.js\"><\/script><\/p>\n<p>Vaporizador E Higienizador 1200w Vapor Top Clean Intech Machine<\/p>\n<p>O vaporizador e higienizador Vapor Top Clean \u00e9 uma ferramenta indispens\u00e1vel para a limpeza residencial. Al\u00e9m de ser ideal para limpar tapetes, carpetes, cortinas, tecidos e estofados, tamb\u00e9m pode ser usado para higienizar cozinhas e banheiros, pois o mesmo vapor que dissolve a gordura de vidros, azulejos, grelhas e fog\u00f5es, pode ser aplicado nos rejuntes do banheiro e da \u00e1rea de servi\u00e7os.<\/p>\n<p>&nbsp;<\/p>\n<p>O Vapor Top Clean tem pot\u00eancia de 1200W, e realiza um processo de limpeza que utiliza apenas \u00e1gua, cuja temperatura \u00e9 elevada a mais de 100\u00b0, criando o vapor que \u00e9 liberado com alta press\u00e3o. \u00c9 indicado para todas as pessoas que buscam uma limpeza mais efetiva, saud\u00e1vel e com mais praticidade.<\/p>\n<p>&nbsp;<\/p>\n<p>Dados T\u00e9cnicos:<\/p>\n<p>Pot\u00eancia: 1200W<br \/>\nVoltagem: 127V ou 220V \u2013 N\u00e3o \u00e9 Bivolt<br \/>\nPress\u00e3o do Vapor: 3,5 BAR IPX4<br \/>\nConsumo de energia: 1,2 KW<br \/>\nCapacidade do reservat\u00f3rio: 400 ml<br \/>\nTempo de uso: 45 min<br \/>\nTemperatura do Vapor: 101\u00b0 C<br \/>\nTempo do aquecimento da \u00e1gua: 3 min (aproximadamente)<br \/>\nV\u00e1lvula de seguran\u00e7a: Sim<br \/>\nCorrente el\u00e9trica nominal: 9,5A ou 5,5A<br \/>\nPeso: 1,92 Kg<\/p>\n","protected":false},"excerpt":{"rendered":"<p>@achadinhos.mls Achadinho incr\u00edvel! Higienizador de sof\u00e1s e estofados! ID: CA0001 #achadinhosdashopee #cozinhatiktok \u266c som original &#8211; achadinhos.mls Vaporizador E Higienizador 1200w Vapor Top Clean Intech Machine O vaporizador e higienizador Vapor Top Clean \u00e9 uma ferramenta indispens\u00e1vel para a limpeza residencial. Al\u00e9m de ser ideal para limpar tapetes, carpetes, cortinas, tecidos e estofados, tamb\u00e9m pode [&hellip;]<\/p>\n","protected":false},"featured_media":651,"comment_status":"open","ping_status":"closed","template":"","meta":[],"product_cat":[15,22],"product_tag":[],"class_list":{"0":"post-650","1":"product","2":"type-product","3":"status-publish","4":"has-post-thumbnail","6":"product_cat-todos","7":"product_cat-casa","9":"first","10":"instock","11":"shipping-taxable","12":"product-type-external"},"_links":{"self":[{"href":"https:\/\/descomplicandosite.com\/achadinhos\/wp-json\/wp\/v2\/product\/650"}],"collection":[{"href":"https:\/\/descomplicandosite.com\/achadinhos\/wp-json\/wp\/v2\/product"}],"about":[{"href":"https:\/\/descomplicandosite.com\/achadinhos\/wp-json\/wp\/v2\/types\/product"}],"replies":[{"embeddable":true,"href":"https:\/\/descomplicandosite.com\/achadinhos\/wp-json\/wp\/v2\/comments?post=650"}],"wp:featuredmedia":[{"embeddable":true,"href":"https:\/\/descomplicandosite.com\/achadinhos\/wp-json\/wp\/v2\/media\/651"}],"wp:attachment":[{"href":"https:\/\/descomplicandosite.com\/achadinhos\/wp-json\/wp\/v2\/media?parent=650"}],"wp:term":[{"taxonomy":"product_cat","embeddable":true,"href":"https:\/\/descomplicandosite.com\/achadinhos\/wp-json\/wp\/v2\/product_cat?post=650"},{"taxonomy":"product_tag","embeddable":true,"href":"https:\/\/descomplicandosite.com\/achadinhos\/wp-json\/wp\/v2\/product_tag?post=650"}],"curies":[{"name":"wp","href":"https:\/\/api.w.org\/{rel}","templated":true}]}}